4, 0 = -5*g - 3*z + 1347. What is the hundreds digit of g?
2
Suppose -2045*d + 24820 = -2028*d. What is the units digit of d?
0
Let p(c) = 79*c**2 + 4. Suppose 2*b - 21 = -7*g + 12*g, -4*b = -2*g - 2. What is the units digit of p(b)?
0
What is the units digit of -14659*(-5 + ((-3)/(-2))/((-102)/(-272)))?
9
Let m = 52 + -45. Suppose -z - 1 + m = 0. Suppose -21 - z = -3*r. What is the units digit of r?
9
Let a be (2261/(-14) + 7)*10/3. What is the tens digit of 3/(-2) + 2 + a/(-2)?
5
Let l be -6 - 12 - (1 + 2). Let n be (-980)/l - 4/6. Let v = n + 127. What is the units digit of v?
3
Let d be (-8)/(-160)*-5 - 11617/(-4). What is the units digit of (2/4)/(11620/d - 4)?
3
Let w(p) = -p**2 + 9*p - 15. Let c be w(7). Let y be (9/27)/(c/(-12)). Suppose -y*j - b + 708 = -0*j, 2*b + 520 = 3*j. What is the hundreds digit of j?
1
Let z(m) = 909*m**2 - 27618*m - 7 + 27610*m - 210*m**2. What is the units digit of z(-1)?
0
Suppose -591299 + 190299 = -20*m. What is the tens digit of m?
5
What is the hundreds digit of 78/702 + 91311/27?
3
What is the thousands digit of (-372)/434 - (-300215)/7?
2
Let j(l) = -l - 2 + 4*l - 3 - 2*l**3 + 4*l**3 + l**2. Let u be 4/(-18) - 798/(-189). What is the units digit of j(u)?
1
Let l = 65564 - 38247. What is the thousands digit of l?
7
Suppose -22423 - 69926 = -31*j. What is the tens digit of j?
7
Let t(o) = 95*o**3 + 27*o**2 - 134*o + 103. What is the ten thousands digit of t(7)?
3
Let i(t) = 4*t**2 + 26*t - 9. Let y(b) = 5*b**2 + 25*b - 10. Let s(a) = 3*i(a) - 2*y(a). What is the tens digit of s(-17)?
9
What is the tens digit of (6*3490)/((-25)/(-10) + -1)?
6
Let h(p) be the third derivative of 10*p**2 + 0*p + 0 - 1/8*p**4 + 7/20*p**5 + 2/3*p**3. What is the tens digit of h(2)?
8
Let a = 210 + -165. Let i = a - -92. What is the hundreds digit of i?
1
Suppose 134822 = 12*u - 104974. What is the thousands digit of u?
9
Let a = 16079 + -9282. What is the units digit of a?
7
Let p(f) = -5*f**3 - 18*f - 14. Let d be p(-3). Let t = d - 89. What is the units digit of t?
6
Let d(y) be the third derivative of -y**4/3 - 11*y**3/6 + 14*y**2. Let w(h) = -24*h - 32. Let t(j) = -11*d(j) + 4*w(j). What is the units digit of t(-14)?
5
What is the ten thousands digit of 51237/(-15)*8*45/(-72)?
1
Let k = -50 + 59. Let l(j) = 15*j + 3 + k + 0*j + 12*j. What is the units digit of l(5)?
7
What is the ten thousands digit of (-28326485)/(-353) + -1*17?
8
Let o(x) = x**3 - 6*x**2 + 5*x - 2. Let f be o(5). Let p be (2/8 - f) + (-3)/(-4). Suppose -16 = -p*b + 14. What is the tens digit of b?
1
Let z(u) = u**2 - 4*u - 6. Let c be z(3). Let f(d) = d**3 + 9*d**2 + 2*d + 10. Let b be f(c). What is the units digit of (-9)/(-36) + (-30)/b?
4
Let y = 55437 - 39134. What is the hundreds digit of y?
3
Let o = -27710 + 41663. What is the units digit of o?
3
Let f = -13 + 1. Let o be f/(-9)*(-9)/(-2). What is the units digit of o/(-15) + (-1148)/(-20)?
7
Suppose 8*t + 695 = 27887. Suppose 753 = 12*p - t. Suppose -6*l = p - 1312. What is the units digit of l?
1
What is the units digit of (-36)/54*5/(10/(-34782))?
4
Let m(t) = 2*t**2 - 30*t + 25. Let a be m(16). Let n = a - -34. Let j = 129 - n. What is the tens digit of j?
3
Let n(a) = 5*a**2 + 25*a - 7. Let l(u) = -3*u**2 - 12*u + 3. Let x(q) = -5*l(q) - 2*n(q). What is the tens digit of x(-10)?
9
Let s(a) = 3*a**2 + 62*a - 137. Let o(h) = -9*h**2 - 1. Let m be o(2). What is the hundreds digit of s(m)?
6
Suppose -5*l = -3*l - 172. Suppose 4*b + l = 294. Suppose -13*z + 12*z = -b. What is the tens digit of z?
5
Suppose -60*r + 52*r = -40. Suppose 0 = r*p - 282 - 58. What is the units digit of p?
8
Suppose -93 - 1176 = 3*m. Let z = m - -705. What is the units digit of z?
2
Let r(o) = 20*o**2 - 10*o + 18. Let q(a) = -20*a**2 + 9*a - 18. Let u(s) = -5*q(s) - 4*r(s). Let x = 125 - 122. What is the units digit of u(x)?
3
Let g be 72/45*5/2. Suppose 3*j = -15, 4*k + k - 4010 = -g*j. What is the hundreds digit of k?
8
Suppose 2*r + 2*l + 2 = 0, 3*l + l = 2*r - 22. What is the tens digit of (-1)/r + ((-111800)/(-24))/13?
5
Let o(h) = -h**3 + 36*h**2 + 36*h + 38. Let z be o(37). What is the tens digit of 90*(z + 91/35)?
2
Let c(r) = 72*r**3 + 39*r**2 - 530*r**3 - 2 - 2*r - 40*r**2. What is the hundreds digit of c(-1)?
4
Let w(l) = -l**3 + 21*l**2 - 21*l + 46. Let k be w(18). Suppose 3*n + m = -k + 2816, 4*n = -m + 2900. What is the units digit of n?
4
Suppose 5*t = 5*i + 38245, 4*t - 363*i = -368*i + 30632. What is the tens digit of t?
5
Suppose -235*h + 238*h = 4*k + 38070, -5*h - 3*k = -63450. What is the thousands digit of h?
2
What is the tens digit of -15*((-112992)/195 - (-38)/(-247))?
9
Let y = 11455 + -3679. What is the thousands digit of y?
7
Let a = -121 - -127. Suppose -a*v + 12*v = 1248. What is the tens digit of v?
0
Let y = 38287 - 21938. What is the thousands digit of y?
6
Let h(k) = k**3 + 48*k**2 + 24*k + 230. What is the thousands digit of h(-30)?
5
Let n = 1165 - 389. Let t = 1101 - n. What is the hundreds digit of t?
3
Suppose -5*l + 2*l = 1074. Let d = l - -503. What is the tens digit of d?
4
Let z(w) = -2*w + 7. Let j be z(6). Let i be ((-20)/2)/j*13. What is the tens digit of 4368/169 - (-4)/i?
2
Let r be 54/66 - (-7)/(231/6). Let o be (5/(5/3))/r. Suppose -229 + 34 = -o*a. What is the units digit of a?
5
Let n(w) = -2*w**2 + 11*w + 1. Let x be n(6). What is the units digit of (504/(-60))/(-2 - 8/x)?
1
Suppose -14*y + 70*y = 118048. Suppose 6472 = 20*l - y. What is the tens digit of l?
2
Let p = 13504 - 6040. What is the hundreds digit of p?
4
Let u(l) = 13 + l - 6 + 0. Let j be u(-11). What is the tens digit of (j/((-32)/206))/((-3)/(-24))?
0
Let f be 8 + -3 + -4 + 4. Let c be 3 - ((-6)/(-3) - (6 - f)). Suppose -s - 107 = -c*s. What is the units digit of s?
7
Let i(r) = -2*r**3 + 2*r**2 - 14*r + 12. Let h = 87 - 92. What is the tens digit of i(h)?
8
Let c(j) = 5*j - 27. Let k be 12/(-12) + (-3 - -1). Let y(f) = 5*f - 26. Let u(g) = k*y(g) + 2*c(g). What is the units digit of u(-6)?
4
What is the units digit of (48/(-28))/(53732/(-80556) + (-4)/(-6))?
2
Let y(b) = b**2 - 7*b + 25. Suppose 28*g - 24*g = 52. Let u = -3 + g. What is the tens digit of y(u)?
5
Let g = -172 + -159. Let j = g - -805. What is the hundreds digit of j?
4
Suppose -5*r = -30*r + 10125. Let o = r - 217. What is the tens digit of o?
8
Suppose 0 = -18*z + 259057 + 523475. What is the tens digit of z?
7
Let a = -533 - -334. Let k = a - -328. What is the hundreds digit of k?
1
Suppose 0 = -395*z + 392*z - 4*f + 25492, 42426 = 5*z - 2*f. What is the units digit of z?
8
Let s(i) = i**2 + 5. Let o be s(4). Let h(p) = p**2 - 5*p - 104. Let z be h(13). Suppose -y - o + 89 = z. What is the units digit of y?
8
What is the hundreds digit of 16/32 + (-2)/((-4)/4349)?
1
Let b(o) = 18*o - 7 + 37*o - 1. Let v(m) = m**3 + 4*m**2 - 2*m - 12. Let s be v(-3). What is the hundreds digit of b(s)?
1
Suppose 2*g - 5*a + 8 = 0, -2*g = -3*a - 50 + 66. What is the tens digit of 856 + g - (-3 - -2)?
4
Let i = 20 + -20. Let a be 225 + i + 0/2. Suppose -3*q - r = -119, -5*q + 2*r + a = -3*r. What is the tens digit of q?
4
Let o = 17030 + -15169. What is the hundreds digit of o?
8
What is the units digit of (11 + -97)*((-9)/(-2))/9*-67?
1
Let x(l) = -1287*l - 2832. What is the units digit of x(-6)?
0
Let d(z) = -477*z - 2014. What is the hundreds digit of d(-24)?
4
Suppose -9*j = 10*j - 18*j - 85. What is the tens digit of j?
8
Suppose 0 = -m - i + 212, 1724 = 5*m + 4*i + 660. What is the tens digit of m?
1
Suppose -3*q - 142 - 361 = -5*z, 0 = -2*q - 3*z - 348. Let o = 163 - 402. Let r = q - o. What is the units digit of r?
8
Suppose 0 = 2*k - 5*k + 21. Suppose k*f - 11 = 3. Suppose f*h - 254 = 102. What is the hundreds digit of h?
1
Let a(b) = 7*b + 165*b**2 - 78*b**2 - 49 - 86*b**2. What is the units digit of a(5)?
1
Let p(h) = 813*h**2 - 105*h - 5. What is the units digit of p(-2)?
7
Let b = -42696 - -66697. What is the ten thousands digit of b?
2
Let u(m) = 457*m**3 - 3*m**2 - m + 2. Let x = -131 - -132. What is the units digit of u(x)?
5
Let q = -1058 + -248. Let i = q - -2732. What is the hundreds digit of i?
4
Suppose 69*d - 88*d = -1387. Suppose -51*i = -d*i + 5632. What is the tens digit of i?
5
Let k(p) = 6*p**2 - p + 3. Let n = -48 + 87. 